{"id":3660,"date":"2025-02-23T02:54:40","date_gmt":"2025-02-23T08:54:40","guid":{"rendered":"https:\/\/www.pmdcmos.unam.mx\/?page_id=3660"},"modified":"2026-04-10T13:12:59","modified_gmt":"2026-04-10T19:12:59","slug":"estructura-doctorado","status":"publish","type":"page","link":"https:\/\/www.pmdcmos.unam.mx\/?page_id=3660","title":{"rendered":"Estructura Doctorado"},"content":{"rendered":"<div class=\"wpb-content-wrapper\"><p>[vc_row][vc_column][vc_separator][\/vc_column][\/vc_row][vc_row][vc_column][vc_column_text css=&#8221;&#8221;]<span style=\"color: #000000;\">La finalidad de los estudios de doctorado en la UNAM es la investigaci\u00f3n original; por ello, el doctorado de este programa se basa en un \u201csistema de tutor\u00eda\u201d que permite formar personas investigadoras con una s\u00f3lida formaci\u00f3n profesional, cient\u00edfica, metodol\u00f3gica y \u00e9tica, para desarrollar conocimiento de frontera que resuelva los m\u00faltiples problemas de salud, con el compromiso de lograr el beneficio social.<\/span><br \/>\n<span style=\"color: #000000;\">Cada alumno o alumna contar\u00e1 con un comit\u00e9 tutor integrado por tres personas, de las cuales <strong>una ser\u00e1 la persona tutora principal.<\/strong> <\/span><br \/>\n<span style=\"color: #000000;\">Los estudios de doctorado deben cursarse en un m\u00e1ximo de ocho semestres, incluida la graduaci\u00f3n.<\/span><br \/>\n<span style=\"color: #000000;\">Para obtener el grado de doctor(a), la o el alumno deber\u00e1:<\/span><\/p>\n<p><span style=\"color: #000000;\">1. Acreditar el total de actividades acad\u00e9micas contempladas en el plan de estudios (ver imagen de estructura y organizaci\u00f3n del plan de estudios de doctorado).<\/span><\/p>\n<p><span style=\"color: #000000;\"><strong>2. Acreditar el examen de candidatura* al grado de doctor(a).<\/strong><\/span><\/p>\n<p><span style=\"color: #000000;\"><strong>3. Elaborar una tesis de investigaci\u00f3n original y contar con una o m\u00e1s publicaciones derivadas del proyecto.<\/strong><\/span><\/p>\n<p><span style=\"color: #000000;\">4. Haber presentado y aprobado el examen de grado en el que defender\u00e1 la tesis doctoral.<\/span>[\/vc_column_text][\/vc_column][\/vc_row][vc_row content_placement=&#8221;top&#8221;][vc_column width=&#8221;1\/2&#8243;][vc_single_image image=&#8221;4282&#8243; img_size=&#8221;full&#8221; alignment=&#8221;center&#8221; onclick=&#8221;link_image&#8221; css=&#8221;&#8221;][\/vc_column][vc_column width=&#8221;1\/2&#8243;][vc_btn title=&#8221;Instructivo de inscripci\u00f3n a Doctorado&#8221; color=&#8221;primary&#8221; size=&#8221;lg&#8221; align=&#8221;left&#8221; i_icon_fontawesome=&#8221;far fa-file-pdf&#8221; css=&#8221;&#8221; button_block=&#8221;true&#8221; add_icon=&#8221;true&#8221; link=&#8221;url:https%3A%2F%2Fwww.pmdcmos.unam.mx%2Fwp-content%2Fuploads%2F2025%2F07%2Finstructivo_doc.pdf&#8221;][vc_column_text css=&#8221;.vc_custom_1740300717227{background-color: #7E9DAF54 !important;border-radius: 5px !important;}&#8221;]<\/p>\n<p style=\"text-align: center;\"><span style=\"color: #000000;\"><strong>En el siguiente link podr\u00e1s encontrar el sistema de INSCRIPCIONES\u00a0 <a href=\"http:\/\/www.saep.unam.mx\" target=\"_blank\" rel=\"noopener noreferrer\">www.saep.unam.mx<\/a><\/strong><\/span><\/p>\n<p>[\/vc_column_text][vc_btn title=&#8221;Examen de  Candidatura&#8221; color=&#8221;turquoise&#8221; size=&#8221;lg&#8221; align=&#8221;left&#8221; i_icon_fontawesome=&#8221;fas fa-chalkboard-teacher&#8221; css=&#8221;&#8221; button_block=&#8221;true&#8221; add_icon=&#8221;true&#8221; link=&#8221;url:https%3A%2F%2Fwww.pmdcmos.unam.mx%2F%3Fpage_id%3D6411&#8243;][\/vc_column][\/vc_row][vc_row][vc_column][vc_empty_space][\/vc_column][\/vc_row]<\/p>\n<\/div>","protected":false},"excerpt":{"rendered":"<p>[vc_row][vc_column][vc_separator][\/vc_column][\/vc_row][vc_row][vc_column][vc_column_text css=&#8221;&#8221;]La finalidad de los estudios de doctorado en la UNAM es la investigaci\u00f3n original; por ello, el doctorado de este programa se basa en un \u201csistema de tutor\u00eda\u201d que permite formar personas investigadoras con una s\u00f3lida formaci\u00f3n profesional, cient\u00edfica, metodol\u00f3gica y \u00e9tica, para desarrollar conocimiento de frontera que resuelva los m\u00faltiples problemas de salud, [&hellip;]<\/p>\n","protected":false},"author":1,"featured_media":0,"parent":0,"menu_order":0,"comment_status":"closed","ping_status":"closed","template":"","meta":{"footnotes":""},"class_list":["post-3660","page","type-page","status-publish","hentry"],"_links":{"self":[{"href":"https:\/\/www.pmdcmos.unam.mx\/index.php?rest_route=\/wp\/v2\/pages\/3660","targetHints":{"allow":["GET"]}}],"collection":[{"href":"https:\/\/www.pmdcmos.unam.mx\/index.php?rest_route=\/wp\/v2\/pages"}],"about":[{"href":"https:\/\/www.pmdcmos.unam.mx\/index.php?rest_route=\/wp\/v2\/types\/page"}],"author":[{"embeddable":true,"href":"https:\/\/www.pmdcmos.unam.mx\/index.php?rest_route=\/wp\/v2\/users\/1"}],"replies":[{"embeddable":true,"href":"https:\/\/www.pmdcmos.unam.mx\/index.php?rest_route=%2Fwp%2Fv2%2Fcomments&post=3660"}],"version-history":[{"count":22,"href":"https:\/\/www.pmdcmos.unam.mx\/index.php?rest_route=\/wp\/v2\/pages\/3660\/revisions"}],"predecessor-version":[{"id":7142,"href":"https:\/\/www.pmdcmos.unam.mx\/index.php?rest_route=\/wp\/v2\/pages\/3660\/revisions\/7142"}],"wp:attachment":[{"href":"https:\/\/www.pmdcmos.unam.mx\/index.php?rest_route=%2Fwp%2Fv2%2Fmedia&parent=3660"}],"curies":[{"name":"wp","href":"https:\/\/api.w.org\/{rel}","templated":true}]}}