{"id":445,"date":"2019-06-02T17:16:03","date_gmt":"2019-06-02T22:16:03","guid":{"rendered":"http:\/\/localhost\/posgrado\/?page_id=445"},"modified":"2019-06-02T17:21:34","modified_gmt":"2019-06-02T22:21:34","slug":"biologia-bucal","status":"publish","type":"page","link":"https:\/\/www.pmdcmos.unam.mx\/?page_id=445","title":{"rendered":"Biolog\u00eda Bucal"},"content":{"rendered":"<div class=\"wpb-content-wrapper\"><p>[vc_row][vc_column][vc_separator][\/vc_column][\/vc_row][vc_row][vc_column width=&#8221;2\/3&#8243;][vc_column_text]<strong>CAMPO DEL CONOCIMIENTO<\/strong><br \/>\n<strong>CIENCIAS ODONTOL\u00d3GICAS<\/strong><\/p>\n<p align=\"justify\">El campo disciplinario de la Biolog\u00eda Bucal, est\u00e1 orientado hacia el estudio de los fen\u00f3menos b\u00e1sicos que ocurren en los tejidos normales y alterados de la cavidad bucal y estructuras deyacentes, as\u00ed como al estudio de los mecanismos que rigen el proceso de cicatrizaci\u00f3n y regeneraci\u00f3n que son espec\u00edficos de la cavidad bucal, tanto en estado de salud como enfermedad. La investigaci\u00f3n en este campo est\u00e1 enfocada a la din\u00e1mica de las enfermedades bucales, a su prevenci\u00f3n y tratamiento en los estadios tempranos de desarrollo, incluyendo la investigaci\u00f3n de los factores de riesgo para el desarrollo de la enfermedad y de los eventos celulares y moleculares en la patog\u00e9nesis de ella. De este modo se proveen las herramientas para la aplicaci\u00f3n del m\u00e9todo cient\u00edfico enfocado a la resoluci\u00f3n de los problemas de salud buco-dental; y se provee de instrucci\u00f3n did\u00e1ctica en el \u00e1rea de las ciencias b\u00e1sicas. Este campo aplica y extiende los conocimientos de los conceptos de inmunolog\u00eda, biolog\u00eda del desarrollo, fisiolog\u00eda, biolog\u00eda celular y molecular, microbiolog\u00eda, bioqu\u00edmica y gen\u00e9tica. Su funci\u00f3n radica en el entrenamiento de profesionales, para nutrir de investigadores y docentes a las IES, el Sector Salud, laboratorios e industrias, entre otras. Se realizaron adecuaciones a la estructura curricular de este campo disciplinario con una reorganizaci\u00f3n y actualizaci\u00f3n del 100% de las actividades acad\u00e9micas y sus contenidos, con el prop\u00f3sito de que existiera congruencia con los conocimientos y habilidades que los alumnos del \u00e1rea de Biolog\u00eda Bucal deben adquirir durante su formaci\u00f3n como maestros y\/o doctores.<\/p>\n<p>[\/vc_column_text][\/vc_column][vc_column width=&#8221;1\/3&#8243;][\/vc_column][\/vc_row]<\/p>\n<\/div>","protected":false},"excerpt":{"rendered":"<p>[vc_row][vc_column][vc_separator][\/vc_column][\/vc_row][vc_row][vc_column width=&#8221;2\/3&#8243;][vc_column_text]CAMPO DEL CONOCIMIENTO CIENCIAS ODONTOL\u00d3GICAS El campo disciplinario de la Biolog\u00eda Bucal, est\u00e1 orientado hacia el estudio de los fen\u00f3menos b\u00e1sicos que ocurren en los tejidos normales y alterados de la cavidad bucal y estructuras deyacentes, as\u00ed como al estudio de los mecanismos que rigen el proceso de cicatrizaci\u00f3n y regeneraci\u00f3n que son espec\u00edficos [&hellip;]<\/p>\n","protected":false},"author":1,"featured_media":0,"parent":255,"menu_order":0,"comment_status":"closed","ping_status":"closed","template":"","meta":{"footnotes":""},"class_list":["post-445","page","type-page","status-publish","hentry"],"_links":{"self":[{"href":"https:\/\/www.pmdcmos.unam.mx\/index.php?rest_route=\/wp\/v2\/pages\/445","targetHints":{"allow":["GET"]}}],"collection":[{"href":"https:\/\/www.pmdcmos.unam.mx\/index.php?rest_route=\/wp\/v2\/pages"}],"about":[{"href":"https:\/\/www.pmdcmos.unam.mx\/index.php?rest_route=\/wp\/v2\/types\/page"}],"author":[{"embeddable":true,"href":"https:\/\/www.pmdcmos.unam.mx\/index.php?rest_route=\/wp\/v2\/users\/1"}],"replies":[{"embeddable":true,"href":"https:\/\/www.pmdcmos.unam.mx\/index.php?rest_route=%2Fwp%2Fv2%2Fcomments&post=445"}],"version-history":[{"count":3,"href":"https:\/\/www.pmdcmos.unam.mx\/index.php?rest_route=\/wp\/v2\/pages\/445\/revisions"}],"predecessor-version":[{"id":454,"href":"https:\/\/www.pmdcmos.unam.mx\/index.php?rest_route=\/wp\/v2\/pages\/445\/revisions\/454"}],"up":[{"embeddable":true,"href":"https:\/\/www.pmdcmos.unam.mx\/index.php?rest_route=\/wp\/v2\/pages\/255"}],"wp:attachment":[{"href":"https:\/\/www.pmdcmos.unam.mx\/index.php?rest_route=%2Fwp%2Fv2%2Fmedia&parent=445"}],"curies":[{"name":"wp","href":"https:\/\/api.w.org\/{rel}","templated":true}]}}