{"id":5218,"date":"2025-11-28T13:58:16","date_gmt":"2025-11-28T19:58:16","guid":{"rendered":"https:\/\/www.pmdcmos.unam.mx\/?page_id=5218"},"modified":"2026-03-18T01:18:22","modified_gmt":"2026-03-18T07:18:22","slug":"samuel-canizales-quinteros","status":"publish","type":"page","link":"https:\/\/www.pmdcmos.unam.mx\/?page_id=5218","title":{"rendered":"SAMUEL CANIZALES QUINTEROS"},"content":{"rendered":"<div class=\"wpb-content-wrapper\"><p>[vc_row][vc_column][vc_separator css=&#8221;&#8221;][\/vc_column][\/vc_row][vc_row][vc_column][vc_cta h2=&#8221;&#8221; css=&#8221;&#8221;]El Dr. SAMUEL CANIZALES QUINTEROS es Profesor de Carrera Titular C de Tiempo Completo en la Facultad de Qu\u00edmica de la UNAM y miembro del Sistema Nacional de Investigadores. Su labor se desarrolla en la Unidad de Gen\u00f3mica de Poblaciones Aplicada a la Salud (UNAM\u2013INMEGEN), donde estudia la base gen\u00e9tica y gen\u00f3mica de la obesidad, diabetes tipo 2, dislipidemias y otras enfermedades cardiometab\u00f3licas en poblaci\u00f3n mexicana, as\u00ed como el papel de la microbiota intestinal y variantes funcionales en la susceptibilidad a estas patolog\u00edas. Ha impulsado la integraci\u00f3n de la medicina gen\u00f3mica en salud p\u00fablica mediante amplia producci\u00f3n cient\u00edfica internacional.<\/p>\n<p>Fuente principal: Documentaci\u00f3n de programa y actualizaci\u00f3n de repositorios p\u00fablicos.<\/p>\n<p>SIIA UNAM &#8211;\u00a0<a href=\"https:\/\/web.siia.unam.mx\/siia-publico\/c\/busqueda_individual.php?id=83980\">https:\/\/web.siia.unam.mx\/siia-publico\/c\/busqueda_individual.php?id=83980<\/a><\/p>\n<p>ORCID 0000-0002-4833-6932 <a href=\"https:\/\/orcid.org\/0000-0002-4833-6932\">https:\/\/orcid.org\/0000-0002-4833-6932<\/a>[\/vc_cta][\/vc_column][\/vc_row]<\/p>\n<\/div>","protected":false},"excerpt":{"rendered":"<p>[vc_row][vc_column][vc_separator css=&#8221;&#8221;][\/vc_column][\/vc_row][vc_row][vc_column][vc_cta h2=&#8221;&#8221; css=&#8221;&#8221;]El Dr. SAMUEL CANIZALES QUINTEROS es Profesor de Carrera Titular C de Tiempo Completo en la Facultad de Qu\u00edmica de la UNAM y miembro del Sistema Nacional de Investigadores. Su labor se desarrolla en la Unidad de Gen\u00f3mica de Poblaciones Aplicada a la Salud (UNAM\u2013INMEGEN), donde estudia la base gen\u00e9tica y gen\u00f3mica [&hellip;]<\/p>\n","protected":false},"author":1,"featured_media":0,"parent":0,"menu_order":0,"comment_status":"closed","ping_status":"closed","template":"","meta":{"footnotes":""},"class_list":["post-5218","page","type-page","status-publish","hentry"],"_links":{"self":[{"href":"https:\/\/www.pmdcmos.unam.mx\/index.php?rest_route=\/wp\/v2\/pages\/5218","targetHints":{"allow":["GET"]}}],"collection":[{"href":"https:\/\/www.pmdcmos.unam.mx\/index.php?rest_route=\/wp\/v2\/pages"}],"about":[{"href":"https:\/\/www.pmdcmos.unam.mx\/index.php?rest_route=\/wp\/v2\/types\/page"}],"author":[{"embeddable":true,"href":"https:\/\/www.pmdcmos.unam.mx\/index.php?rest_route=\/wp\/v2\/users\/1"}],"replies":[{"embeddable":true,"href":"https:\/\/www.pmdcmos.unam.mx\/index.php?rest_route=%2Fwp%2Fv2%2Fcomments&post=5218"}],"version-history":[{"count":3,"href":"https:\/\/www.pmdcmos.unam.mx\/index.php?rest_route=\/wp\/v2\/pages\/5218\/revisions"}],"predecessor-version":[{"id":7017,"href":"https:\/\/www.pmdcmos.unam.mx\/index.php?rest_route=\/wp\/v2\/pages\/5218\/revisions\/7017"}],"wp:attachment":[{"href":"https:\/\/www.pmdcmos.unam.mx\/index.php?rest_route=%2Fwp%2Fv2%2Fmedia&parent=5218"}],"curies":[{"name":"wp","href":"https:\/\/api.w.org\/{rel}","templated":true}]}}