{"id":5650,"date":"2026-01-05T23:55:39","date_gmt":"2026-01-06T05:55:39","guid":{"rendered":"https:\/\/www.pmdcmos.unam.mx\/?page_id=5650"},"modified":"2026-03-10T23:13:45","modified_gmt":"2026-03-11T05:13:45","slug":"david-kershenobich-stalnikowitz","status":"publish","type":"page","link":"https:\/\/www.pmdcmos.unam.mx\/?page_id=5650","title":{"rendered":"DAVID KERSHENOBICH STALNIKOWITZ"},"content":{"rendered":"<div class=\"wpb-content-wrapper\"><p>[vc_row][vc_column][vc_separator css=&#8221;&#8221;][\/vc_column][\/vc_row][vc_row][vc_column][vc_cta h2=&#8221;&#8221; css=&#8221;&#8221;]El Dr. David Kershenobich Stalnikowitz es m\u00e9dico cirujano por la Universidad Nacional Aut\u00f3noma de M\u00e9xico (UNAM), especialista en Gastroenterolog\u00eda e Hepatolog\u00eda, obtuvo el Doctorado en Medicina en la Universidad de Londres. Fue director del Instituto Nacional de Ciencias M\u00e9dicas y Nutrici\u00f3n \u201cSalvador Zubir\u00e1n\u201d (INCMNSZ) y ha dirigido numerosas l\u00edneas de investigaci\u00f3n relacionadas con enfermedades hep\u00e1ticas, da\u00f1o por alcohol, hepatitis C y fibrosis hep\u00e1tica. Su amplia producci\u00f3n cient\u00edfica incluye m\u00e1s de 500 publicaciones.<\/p>\n<p>Fuente: Documentaci\u00f3n del programa y actualizaci\u00f3n con repositorios p\u00fablicos.<\/p>\n<p>SIIA-UNAM: <a href=\"https:\/\/web.siia.unam.mx\/siia-publico\/c\/busqueda_individual.php?id=127791\">https:\/\/web.siia.unam.mx\/siia-publico\/c\/busqueda_individual.php?id=127791<\/a>[\/vc_cta][\/vc_column][\/vc_row]<\/p>\n<\/div>","protected":false},"excerpt":{"rendered":"<p>[vc_row][vc_column][vc_separator css=&#8221;&#8221;][\/vc_column][\/vc_row][vc_row][vc_column][vc_cta h2=&#8221;&#8221; css=&#8221;&#8221;]El Dr. David Kershenobich Stalnikowitz es m\u00e9dico cirujano por la Universidad Nacional Aut\u00f3noma de M\u00e9xico (UNAM), especialista en Gastroenterolog\u00eda e Hepatolog\u00eda, obtuvo el Doctorado en Medicina en la Universidad de Londres. Fue director del Instituto Nacional de Ciencias M\u00e9dicas y Nutrici\u00f3n \u201cSalvador Zubir\u00e1n\u201d (INCMNSZ) y ha dirigido numerosas l\u00edneas de investigaci\u00f3n relacionadas [&hellip;]<\/p>\n","protected":false},"author":1,"featured_media":0,"parent":0,"menu_order":0,"comment_status":"closed","ping_status":"closed","template":"","meta":{"footnotes":""},"class_list":["post-5650","page","type-page","status-publish","hentry"],"_links":{"self":[{"href":"https:\/\/www.pmdcmos.unam.mx\/index.php?rest_route=\/wp\/v2\/pages\/5650","targetHints":{"allow":["GET"]}}],"collection":[{"href":"https:\/\/www.pmdcmos.unam.mx\/index.php?rest_route=\/wp\/v2\/pages"}],"about":[{"href":"https:\/\/www.pmdcmos.unam.mx\/index.php?rest_route=\/wp\/v2\/types\/page"}],"author":[{"embeddable":true,"href":"https:\/\/www.pmdcmos.unam.mx\/index.php?rest_route=\/wp\/v2\/users\/1"}],"replies":[{"embeddable":true,"href":"https:\/\/www.pmdcmos.unam.mx\/index.php?rest_route=%2Fwp%2Fv2%2Fcomments&post=5650"}],"version-history":[{"count":3,"href":"https:\/\/www.pmdcmos.unam.mx\/index.php?rest_route=\/wp\/v2\/pages\/5650\/revisions"}],"predecessor-version":[{"id":6778,"href":"https:\/\/www.pmdcmos.unam.mx\/index.php?rest_route=\/wp\/v2\/pages\/5650\/revisions\/6778"}],"wp:attachment":[{"href":"https:\/\/www.pmdcmos.unam.mx\/index.php?rest_route=%2Fwp%2Fv2%2Fmedia&parent=5650"}],"curies":[{"name":"wp","href":"https:\/\/api.w.org\/{rel}","templated":true}]}}