{"id":5813,"date":"2026-01-06T03:08:53","date_gmt":"2026-01-06T09:08:53","guid":{"rendered":"https:\/\/www.pmdcmos.unam.mx\/?page_id=5813"},"modified":"2026-03-17T23:03:03","modified_gmt":"2026-03-18T05:03:03","slug":"marco-antonio-leon-mazon","status":"publish","type":"page","link":"https:\/\/www.pmdcmos.unam.mx\/?page_id=5813","title":{"rendered":"MARCO ANTONIO LE\u00d3N MAZ\u00d3N"},"content":{"rendered":"<div class=\"wpb-content-wrapper\"><p>[vc_row][vc_column][vc_separator css=&#8221;&#8221;][\/vc_column][\/vc_row][vc_row][vc_column][vc_cta h2=&#8221;&#8221; css=&#8221;&#8221;]MARCO ANTONIO LE\u00d3N MAZ\u00d3N es m\u00e9dico familiar del Instituto Mexicano del Seguro Social (IMSS) y Profesor de Asignatura en la Facultad de Medicina de la UNAM. Maestro en Salud P\u00fablica por el Instituto Nacional de Salud P\u00fablica (INSP), ha consolidado una trayectoria en medicina familiar, salud p\u00fablica y epidemiolog\u00eda cl\u00ednica, con \u00e9nfasis en diabetes mellitus tipo 2, obesidad, s\u00edndrome metab\u00f3lico y factores psicosociales asociados al burnout m\u00e9dico. Ha dirigido m\u00e1s de una decena de tesis de especialidad y maestr\u00eda en la UNAM, centradas en depresi\u00f3n, adherencia terap\u00e9utica y riesgo cardiovascular. Sus publicaciones abarcan revistas como Salud P\u00fablica de M\u00e9xico, Atenci\u00f3n Familiar y Revista M\u00e9dica del IMSS. Es miembro del Sistema Nacional de Investigadores, nivel I, y participa en proyectos sobre inequidades en salud y prevenci\u00f3n de enfermedades cr\u00f3nicas en poblaci\u00f3n mexicana.<\/p>\n<p>Fuente: Documentaci\u00f3n del programa y actualizaci\u00f3n con repositorios p\u00fablicos.<\/p>\n<p><a href=\"https:\/\/orcid.org\/0000-0003-2642-4410\">https:\/\/orcid.org\/0000-0003-2642-4410<\/a><\/p>\n<p>&nbsp;[\/vc_cta][\/vc_column][\/vc_row]<\/p>\n<\/div>","protected":false},"excerpt":{"rendered":"<p>[vc_row][vc_column][vc_separator css=&#8221;&#8221;][\/vc_column][\/vc_row][vc_row][vc_column][vc_cta h2=&#8221;&#8221; css=&#8221;&#8221;]MARCO ANTONIO LE\u00d3N MAZ\u00d3N es m\u00e9dico familiar del Instituto Mexicano del Seguro Social (IMSS) y Profesor de Asignatura en la Facultad de Medicina de la UNAM. Maestro en Salud P\u00fablica por el Instituto Nacional de Salud P\u00fablica (INSP), ha consolidado una trayectoria en medicina familiar, salud p\u00fablica y epidemiolog\u00eda cl\u00ednica, con \u00e9nfasis [&hellip;]<\/p>\n","protected":false},"author":1,"featured_media":0,"parent":0,"menu_order":0,"comment_status":"closed","ping_status":"closed","template":"","meta":{"footnotes":""},"class_list":["post-5813","page","type-page","status-publish","hentry"],"_links":{"self":[{"href":"https:\/\/www.pmdcmos.unam.mx\/index.php?rest_route=\/wp\/v2\/pages\/5813","targetHints":{"allow":["GET"]}}],"collection":[{"href":"https:\/\/www.pmdcmos.unam.mx\/index.php?rest_route=\/wp\/v2\/pages"}],"about":[{"href":"https:\/\/www.pmdcmos.unam.mx\/index.php?rest_route=\/wp\/v2\/types\/page"}],"author":[{"embeddable":true,"href":"https:\/\/www.pmdcmos.unam.mx\/index.php?rest_route=\/wp\/v2\/users\/1"}],"replies":[{"embeddable":true,"href":"https:\/\/www.pmdcmos.unam.mx\/index.php?rest_route=%2Fwp%2Fv2%2Fcomments&post=5813"}],"version-history":[{"count":3,"href":"https:\/\/www.pmdcmos.unam.mx\/index.php?rest_route=\/wp\/v2\/pages\/5813\/revisions"}],"predecessor-version":[{"id":6932,"href":"https:\/\/www.pmdcmos.unam.mx\/index.php?rest_route=\/wp\/v2\/pages\/5813\/revisions\/6932"}],"wp:attachment":[{"href":"https:\/\/www.pmdcmos.unam.mx\/index.php?rest_route=%2Fwp%2Fv2%2Fmedia&parent=5813"}],"curies":[{"name":"wp","href":"https:\/\/api.w.org\/{rel}","templated":true}]}}