{"id":5911,"date":"2026-01-06T12:56:57","date_gmt":"2026-01-06T18:56:57","guid":{"rendered":"https:\/\/www.pmdcmos.unam.mx\/?page_id=5911"},"modified":"2026-03-18T01:23:40","modified_gmt":"2026-03-18T07:23:40","slug":"sergio-moreno-jimenez","status":"publish","type":"page","link":"https:\/\/www.pmdcmos.unam.mx\/?page_id=5911","title":{"rendered":"SERGIO MORENO JIM\u00c9NEZ"},"content":{"rendered":"<div class=\"wpb-content-wrapper\"><p>[vc_row][vc_column][vc_separator css=&#8221;&#8221;][\/vc_column][\/vc_row][vc_row][vc_column][vc_cta h2=&#8221;&#8221; css=&#8221;&#8221;]El Dr. Sergio Moreno Jim\u00e9nez Investigador y neurocirujano especializado en oncolog\u00eda cerebral y radioneurocirug\u00eda, adscrito al Instituto Nacional de Neurolog\u00eda y Neurocirug\u00eda (INNN) y vinculado a la Universidad Nacional Aut\u00f3noma de M\u00e9xico (UNAM) como Profesor Titular de Neurocirug\u00eda Oncol\u00f3gica. Su l\u00ednea de investigaci\u00f3n gira en torno a la cirug\u00eda de tumores cerebrales, t\u00e9cnicas avanzadas de radiocirug\u00eda y evaluaci\u00f3n de biomarcadores de imagen en gliomas. Est\u00e1 registrado como sinodal en tesis de especialidad en la UNAM.<\/p>\n<p>Fuente: Documentaci\u00f3n del programa y actualizaci\u00f3n con repositorios p\u00fablicos.<\/p>\n<p>SIIA UNAM &#8211;\u00a0<a href=\"https:\/\/web.siia.unam.mx\/siia-publico\/v\/include\/modulo_productos\/tesis.php?id=956873&amp;utm_source=chatgpt.com\">https:\/\/web.siia.unam.mx\/siia-publico\/v\/include\/modulo_productos\/tesis.php?id=956873&amp;utm_source=chatgpt.com<\/a>[\/vc_cta][\/vc_column][\/vc_row]<\/p>\n<\/div>","protected":false},"excerpt":{"rendered":"<p>[vc_row][vc_column][vc_separator css=&#8221;&#8221;][\/vc_column][\/vc_row][vc_row][vc_column][vc_cta h2=&#8221;&#8221; css=&#8221;&#8221;]El Dr. Sergio Moreno Jim\u00e9nez Investigador y neurocirujano especializado en oncolog\u00eda cerebral y radioneurocirug\u00eda, adscrito al Instituto Nacional de Neurolog\u00eda y Neurocirug\u00eda (INNN) y vinculado a la Universidad Nacional Aut\u00f3noma de M\u00e9xico (UNAM) como Profesor Titular de Neurocirug\u00eda Oncol\u00f3gica. Su l\u00ednea de investigaci\u00f3n gira en torno a la cirug\u00eda de tumores cerebrales, [&hellip;]<\/p>\n","protected":false},"author":1,"featured_media":0,"parent":0,"menu_order":0,"comment_status":"closed","ping_status":"closed","template":"","meta":{"footnotes":""},"class_list":["post-5911","page","type-page","status-publish","hentry"],"_links":{"self":[{"href":"https:\/\/www.pmdcmos.unam.mx\/index.php?rest_route=\/wp\/v2\/pages\/5911","targetHints":{"allow":["GET"]}}],"collection":[{"href":"https:\/\/www.pmdcmos.unam.mx\/index.php?rest_route=\/wp\/v2\/pages"}],"about":[{"href":"https:\/\/www.pmdcmos.unam.mx\/index.php?rest_route=\/wp\/v2\/types\/page"}],"author":[{"embeddable":true,"href":"https:\/\/www.pmdcmos.unam.mx\/index.php?rest_route=\/wp\/v2\/users\/1"}],"replies":[{"embeddable":true,"href":"https:\/\/www.pmdcmos.unam.mx\/index.php?rest_route=%2Fwp%2Fv2%2Fcomments&post=5911"}],"version-history":[{"count":3,"href":"https:\/\/www.pmdcmos.unam.mx\/index.php?rest_route=\/wp\/v2\/pages\/5911\/revisions"}],"predecessor-version":[{"id":7023,"href":"https:\/\/www.pmdcmos.unam.mx\/index.php?rest_route=\/wp\/v2\/pages\/5911\/revisions\/7023"}],"wp:attachment":[{"href":"https:\/\/www.pmdcmos.unam.mx\/index.php?rest_route=%2Fwp%2Fv2%2Fmedia&parent=5911"}],"curies":[{"name":"wp","href":"https:\/\/api.w.org\/{rel}","templated":true}]}}